the hundreds digit of 101449?
4
What is the hundreds digit of 900?
9
What is the units digit of 576?
6
What is the hundreds digit of 16845?
8
What is the units digit of 2467?
7
What is the hundreds digit of 25177?
1
What is the units digit of 4983?
3
What is the thousands digit of 1057?
1
What is the tens digit of 1003?
0
What is the tens digit of 2687?
8
What is the hundreds digit of 84335?
3
What is the thousands digit of 2608?
2
What is the thousands digit of 1989?
1
What is the thousands digit of 19363?
9
What is the hundreds digit of 1790?
7
What is the hundreds digit of 1746?
7
What is the hundreds digit of 12327?
3
What is the tens digit of 8146?
4
What is the ten thousands digit of 21083?
2
What is the hundreds digit of 19836?
8
What is the units digit of 3959?
9
What is the tens digit of 4924?
2
What is the units digit of 26742?
2
What is the tens digit of 729?
2
What is the units digit of 9?
9
What is the units digit of 724?
4
What is the units digit of 7860?
0
What is the tens digit of 582?
8
What is the tens digit of 85875?
7
What is the thousands digit of 1041?
1
What is the hundreds digit of 2724?
7
What is the thousands digit of 5880?
5
What is the units digit of 2113?
3
What is the thousands digit of 1376?
1
What is the thousands digit of 58339?
8
What is the hundreds digit of 2371?
3
What is the ten thousands digit of 12155?
1
What is the thousands digit of 7107?
7
What is the hundreds digit of 17097?
0
What is the hundreds digit of 5612?
6
What is the tens digit of 833?
3
What is the hundreds digit of 669?
6
What is the hundreds digit of 1944?
9
What is the thousands digit of 2690?
2
What is the thousands digit of 1170?
1
What is the units digit of 3167?
7
What is the tens digit of 450?
5
What is the tens digit of 342?
4
What is the thousands digit of 6397?
6
What is the units digit of 9057?
7
What is the hundreds digit of 120715?
7
What is the ten thousands digit of 146790?
4
What is the hundreds digit of 238?
2
What is the thousands digit of 15243?
5
What is the thousands digit of 5296?
5
What is the units digit of 4407?
7
What is the hundreds digit of 11596?
5
What is the ten thousands digit of 82240?
8
What is the tens digit of 3636?
3
What is the units digit of 907?
7
What is the hundreds digit of 6051?
0
What is the hundreds digit of 7089?
0
What is the tens digit of 26174?
7
What is the units digit of 937?
7
What is the units digit of 5940?
0
What is the tens digit of 764?
6
What is the thousands digit of 11891?
1
What is the thousands digit of 5868?
5
What is the units digit of 20537?
7
What is the tens digit of 1003?
0
What is the ten thousands digit of 19028?
1
What is the thousands digit of 2258?
2
What is the tens digit of 1571?
7
What is the units digit of 16187?
7
What is the hundreds digit of 1619?
6
What is the tens digit of 11445?
4
What is the hundreds digit of 1644?
6
What is the thousands digit of 1331?
1
What is the hundreds digit of 9674?
6
What is the tens digit of 2699?
9
What is the thousands digit of 40763?
0
What is the units digit of 5263?
3
What is the hundreds digit of 51343?
3
What is the units digit of 157733?
3
What is the hundreds digit of 13197?
1
What is the hundreds digit of 81941?
9
What is the tens digit of 1172?
7
What is the hundreds digit of 66991?
9
What is the units digit of 1146?
6
What is the thousands digit of 56903?
6
What is the hundreds digit of 821?
8
What is the units digit of 582?
2
What is the tens digit of 521?
2
What is the tens digit of 6423?
2
What is the hundreds digit of 19887?
8
What is the tens digit of 1399?
9
What is the tens digit of 4768?
6
What is the units digit of 1145?
5
What is the ten thousands digit of 22303?
2
What is the hundreds digit of 11057?
0
What is the units digit of 1359?
9
What is the thousands digit of 6425?
6
What is the tens digit of 18082?
8
What is the ten thousands digit of 44439?
4
What is the units digit of 2198?
8
What is the ten thousands digit of 64347?
6
What is the hundreds digit of 663?
6
What is the units digit of 1641?
1
What is the hundreds digit of 944?
9
What is the hundreds digit of 470?
4
What is the tens digit of 10733?
3
What is the thousands digit of 1120?
1
What is the thousands digit of 47001?
7
What is the ten thousands digit of 16826?
1
What is the thousands digit of 82335?
2
What is the thousands digit of 11740?
1
What is the units digit of 1622?
2
What is the hundreds digit of 638?
6
What is the units digit of 11770?
0
What is the hundreds digit of 6101?
1
What is the units digit of 1091?
1
What is the thousands digit of 56342?
6
What is the units digit of 4417?
7
What is the units digit of 47782?
2
What is the thousands digit of 6022?
6
What is the thousands digit of 5500?
5
What is the hundreds digit of 57531?
5
What is the tens digit of 11821?
2
What is the units digit of 11448?
8
What is the ten thousands digit of 17484?
1
What is the units digit of 7441?
1
What is the units digit of 195390?
0
What is the tens digit of 83768?
6
What is the hundreds digit of 10263?
2
What is the hundreds digit of 486?
4
What is the thousands digit of 20923?
0
What is the hundreds digit of 22847?
8
What is the ten thousands digit of 17791?
1
What is the hundreds digit of 275?
2
What is the thousands digit of 2097?
2
What is the units digit of 30867?
7
What is the units digit of 2128?
8
What is the hundreds digit of 4308?
3
What is the units digit of 4245?
5
What is the tens digit of 64806?
0
What is the hundreds digit of 6134?
1
What is the hundreds digit of 79109?
1
What is the hundreds digit of 3756?
7
What is the units digit of 13893?
3
What is the hundreds digit of 71228?
2
What is the hundreds digit of 1209?
2
What is the hundreds digit of 7376?
3
What is the units digit of 569?
9
What is the tens digit of 9877?
7
What is the thousands digit of 24060?
4
What is the tens digit of 2067?
6
What is the hundreds digit of 4867?
8
What is the units digit of 17637?
7
What is the thousands digit of 50879?
0
What is the units digit of 17061?
1
What is the units digit of 1122?
2
What is the tens digit of 12314?
1
What is the units digit of 43925?
5
What is the ten thousands digit of 177445?
7
What is the thousands digit of 11626?
1
What is the units digit of 5782?
2
What is the hundreds digit of 759?
7
What is the hundreds digit of 4381?
3
What is the units digit of 13636?
6
What is the tens digit of 1662?
6
What is the tens digit of 1433?
3
What is the units digit of 33981?
1
What is the tens digit of 32219?
1
What is the units digit of 17148?
8
What is the ten thousands digit of 71202?
7
What is the units digit of 1209?
9
What is the units digit of 1121?
1
What is the tens digit of 533?
3
What is the hundreds digit of 105?
1
What is the units digit of 367?
7
What is the tens digit of 1171?
7
What is the hundreds digit of 44389?
3
What is the units digit of 68256?
6
What is the units digit of 9084?
4
What is the thousands digit of 17615?
7
What is the tens digit of 968?
6
What is the thousands digit of 8394?
8
What is the units digit of 625?
5
What is the hundreds digit of 76197?
1
What is the thousands digit of 3166?
3
What is the units digit of 467?
7
What is the thousands digit of 2283?
2
What is the ten thousands digit of 80960?
8
What is the hundreds digit of 88550?
5
What is the tens digit of 1926?
2
What is the hundreds digit of 20250?
2
What is the hundred thousands digit of 110441?
1
What is the tens digit of 4814?
1
What is the hundreds digit of 19263?
2
What is the tens digit of 469?
6
What is the tens digit of 1261?
6
What is the hundreds digit of 968?
9
What is the hundreds digit of 155?
1
What is the units digit of 3180?
0
What is the units digit of 25394?
4
What is the tens digit of 41777?
7
What is the tens digit of 2849?
4
What is the units digit of 900?
0
What is the thousands digit of 2836?
2
What is the ten thousands digit of 37142?
3
What is the thousands digit of 115744?
5
What is the units digit of 1362?
2
What is the thousands digit of 1493?
1
What is the units digit of 1038?
8
What is the ten thousands digit of 210391?
1
What is the thousands digit of 58696?
8
What is the thousands digit of 45813?
5
What is the tens digit of 43249?
4
What is the units digit of 2565?
5
What is the units digit of 36198?
8
